{"id":177,"date":"2019-09-13T10:29:40","date_gmt":"2019-09-13T13:29:40","guid":{"rendered":"https:\/\/www2.imagina.pe\/store\/?page_id=177"},"modified":"2023-04-03T10:26:22","modified_gmt":"2023-04-03T15:26:22","slug":"terminos-y-condiciones-de-uso","status":"publish","type":"page","link":"https:\/\/www.imagina.pe\/store\/terminos-y-condiciones-de-uso\/","title":{"rendered":"T\u00e9rminos y condiciones de uso"},"content":{"rendered":"<h4>POL\u00cdTICA DE PRIVACIDAD \u2013 DATO CYBER<\/h4>\n<p>El grupo Imagina, compuesto por diversas razones sociales que administran nuestros proyectos inmobiliarios, con domicilio en Av. Rivera Navarrete 395, piso 24, distrito de San Isidro, provincia y departamento de Lima-Per\u00fa le informa que realizar\u00e1 el tratamiento de los datos de identificaci\u00f3n y contacto que ha suministrado a fin de almacenarlos, por un plazo indeterminado, en los bancos de datos registrados ante la Autoridad Nacional de Protecci\u00f3n de Datos Personales, denominados \u201cProspectos\u201d, de titularidad de cada una de las empresas del grupo.<\/p>\n<p>El tratamiento de sus datos tendr\u00e1 por finalidades: (i) mantener un registro actualizado de los usuarios que se contactan por este canal para fines estad\u00edsticos e hist\u00f3ricos; (ii) establecer un medio de comunicaci\u00f3n efectivo para obtener respuesta a las cotizaciones realizadas sobre nuevos proyectos de Imagina, as\u00ed como agendar las citas solicitadas; (iii) en caso lo autorice expresamente, informarle sobre las ofertas, promociones, beneficios, concursos y publicidad en general que pudiera realizar Imagina, as\u00ed como obtener informaci\u00f3n de fuentes p\u00fablicas y privada para fines de perfilamiento.<\/p>\n<p>En cualquier caso, el tratamiento de sus datos personales ser\u00e1 realizado directamente por Imagina, sus empresas vinculadas y porterceros encargados de tratamiento, los cuales se encuentran precisados en el siguiente enlace: https:\/\/imagina.pe\/politica-de-privacidad\/<\/p>\n<p>Cualquier variaci\u00f3n de los encargados de datos personales ser\u00e1 actualizada en la Pol\u00edtica de Privacidad General. Cabe precisar que la compartici\u00f3n de sus datos personales servir\u00e1 \u00fanicamente para las finalidades antes indicadas o autorizadas, y se efectuar\u00e1 bajo condiciones de confidencialidad y medidas de seguridad que Imagina garantiza.<\/p>\n<p>Le informamos que tiene la facultad de ejercer cualquiera de los derechos previstos en la Ley N\u00b0 29733, tales como los derechos de acceso, rectificaci\u00f3n, cancelaci\u00f3n, oposici\u00f3n, para lo cual podr\u00e9 enviar una comunicaci\u00f3n a Imagina al correo electr\u00f3nico: consultas@imagina.pe, con el asunto: \u201cDerechos Datos Personales\u201d.<\/p>\n<p>Asimismo, dejamos constar que estas condiciones de tratamiento de datos son necesarias para dar respuesta a las comunicaciones o requerimientos realizados a Imagina por medio de su p\u00e1gina web.<\/p>\n<p>&nbsp;<\/p>\n","protected":false},"excerpt":{"rendered":"<p>POL\u00cdTICA DE PRIVACIDAD \u2013 DATO CYBER El grupo Imagina, compuesto por diversas razones sociales que administran nuestros proyectos inmobiliarios, con domicilio en Av. Rivera Navarrete 395, piso 24, distrito de San Isidro, provincia y departamento de Lima-Per\u00fa le informa que [&hellip;]<\/p>\n","protected":false},"author":2,"featured_media":0,"parent":0,"menu_order":0,"comment_status":"closed","ping_status":"closed","template":"","meta":{"_acf_changed":false,"content-type":"","_joinchat":[],"footnotes":""},"class_list":["post-177","page","type-page","status-publish","hentry"],"acf":[],"_links":{"self":[{"href":"https:\/\/www.imagina.pe\/store\/wp-json\/wp\/v2\/pages\/177","targetHints":{"allow":["GET"]}}],"collection":[{"href":"https:\/\/www.imagina.pe\/store\/wp-json\/wp\/v2\/pages"}],"about":[{"href":"https:\/\/www.imagina.pe\/store\/wp-json\/wp\/v2\/types\/page"}],"author":[{"embeddable":true,"href":"https:\/\/www.imagina.pe\/store\/wp-json\/wp\/v2\/users\/2"}],"replies":[{"embeddable":true,"href":"https:\/\/www.imagina.pe\/store\/wp-json\/wp\/v2\/comments?post=177"}],"version-history":[{"count":9,"href":"https:\/\/www.imagina.pe\/store\/wp-json\/wp\/v2\/pages\/177\/revisions"}],"predecessor-version":[{"id":1347,"href":"https:\/\/www.imagina.pe\/store\/wp-json\/wp\/v2\/pages\/177\/revisions\/1347"}],"wp:attachment":[{"href":"https:\/\/www.imagina.pe\/store\/wp-json\/wp\/v2\/media?parent=177"}],"curies":[{"name":"wp","href":"https:\/\/api.w.org\/{rel}","templated":true}]}}